 and 40.
10
What is the greatest common factor of 2 and 19286?
2
Calculate the greatest common divisor of 69479 and 134.
67
Calculate the greatest common divisor of 472527 and 891.
297
Calculate the greatest common divisor of 713148 and 268.
268
What is the highest common factor of 3792 and 3081?
237
Calculate the highest common factor of 3 and 153789.
3
What is the highest common factor of 1227290 and 9630?
1070
Calculate the highest common factor of 2174558 and 16142.
2306
What is the greatest common divisor of 55 and 22968?
11
What is the highest common divisor of 119 and 4398002?
119
Calculate the greatest common factor of 1661 and 781.
11
Calculate the highest common factor of 1245330 and 1507.
137
What is the highest common divisor of 21967 and 55?
11
Calculate the greatest common divisor of 14084 and 56.
28
What is the greatest common factor of 20 and 63410?
10
What is the highest common divisor of 1855 and 175?
35
What is the highest common factor of 7590 and 10810?
230
What is the greatest common divisor of 14145 and 3444?
123
What is the highest common divisor of 39 and 1116609?
39
What is the greatest common factor of 24430 and 938?
14
What is the highest common factor of 34 and 144517?
17
Calculate the highest common factor of 145359 and 279.
279
Calculate the greatest common divisor of 745998 and 712.
178
Calculate the greatest common divisor of 4774 and 15092.
154
What is the highest common divisor of 202131 and 12321?
333
What is the greatest common divisor of 8622 and 117?
9
What is the highest common factor of 106970 and 570?
190
What is the highest common factor of 1536372 and 72?
36
What is the greatest common factor of 42444 and 252?
36
What is the highest common factor of 126 and 218358?
126
Calculate the greatest common factor of 10187 and 610.
61
Calculate the greatest common divisor of 64366 and 14.
2
What is the greatest common divisor of 2077 and 335?
67
Calculate the highest common divisor of 7189 and 17696.
553
Calculate the greatest common divisor of 456880 and 320.
80
What is the greatest common divisor of 10192 and 893074?
1274
What is the greatest common divisor of 1122 and 4794?
102
What is the highest common factor of 351 and 546156?
351
What is the greatest common factor of 1820 and 707?
7
Calculate the highest common factor of 92 and 25093.
23
What is the highest common factor of 552294 and 72?
18
What is the highest common divisor of 492 and 126444?
492
Calculate the greatest common divisor of 729246 and 8592.
1074
Calculate the greatest common divisor of 14787 and 11925.
477
Calculate the greatest common factor of 99 and 210969.
99
What is the highest common factor of 24 and 126544?
8
Calculate the highest common divisor of 2808 and 11394.
54
What is the greatest common divisor of 368 and 17434?
46
What is the highest common factor of 1097199 and 108?
27
What is the greatest common factor of 129085 and 1375?
55
What is the highest common factor of 429906 and 18?
6
What is the greatest common divisor of 2298 and 1019546?
766
Calculate the highest common divisor of 2478 and 1470.
42
What is the highest common divisor of 7355 and 95?
5
What is the greatest common factor of 87162 and 12?
6
What is the highest common factor of 47625 and 70125?
375
What is the highest common factor of 508166 and 10?
2
Calculate the greatest common factor of 248 and 160.
8
What is the greatest common divisor of 310 and 1286934?
62
Calculate the greatest common factor of 234 and 21934926.
234
Calculate the highest common factor of 32235 and 165.
15
What is the highest common divisor of 639 and 22507?
71
What is the greatest common divisor of 9295 and 275?
55
Calculate the greatest common divisor of 420 and 466305.
105
What is the highest common divisor of 11376 and 8352?
144
What is the highest common divisor of 8519455 and 1645?
1645
What is the greatest common factor of 154002 and 6?
6
Calculate the greatest common factor of 1302 and 486.
6
What is the highest common divisor of 9 and 3369?
3
What is the highest common factor of 4728506 and 1198?
1198
Calculate the highest common divisor of 110 and 19492.
22
What is the highest common divisor of 40 and 3977020?
20
Calculate the greatest common divisor of 388 and 49664.
388
Calculate the greatest common factor of 1073 and 548599.
37
What is the greatest common factor of 126 and 17451?
63
Calculate the highest common factor of 8007 and 816.
51
Calculate the greatest common factor of 527000 and 10.
10
What is the highest common divisor of 1453825 and 175?
25
What is the greatest common factor of 7 and 59101?
7
What is the highest common divisor of 1911 and 3871?
49
What is the highest common factor of 1950 and 27000?
150
What is the highest common divisor of 838049 and 119?
17
Calculate the highest common factor of 42539 and 2369.
103
What is the greatest common divisor of 930 and 87048?
186
Calculate the highest common divisor of 3380 and 1960.
20
Calculate the highest common factor of 102649 and 46.
23
What is the highest common divisor of 939939 and 693?
231
What is the greatest common factor of 1725 and 33925?
575
What is the greatest common divisor of 366 and 44408?
122
What is the greatest common factor of 2013 and 201?
3
What is the highest common factor of 12 and 33036?
12
Calculate the highest common divisor of 116 and 130616.
116
Calculate the greatest common factor of 34358 and 51118.
838
Calculate the greatest common factor of 63 and 21959.
7
Calculate the greatest common factor of 9469 and 323.
17
What is the highest common divisor of 15475 and 4200?
25
What is the greatest common factor of 3663 and 118585?
37
What is the greatest common factor of 399 and 60837?
21
What is the greatest common divisor of 88902 and 2442?
66
What is the greatest common factor of 126 and 1170372?
42
Calculate the highest common factor of 225129 and 21.
3
Calculate the greatest common factor of 3900 and 20488.
52
What is the highest common factor of 4303 and 22508?
331
What is the greatest common factor of 4012 and 3304?
236
Calculate the highest common factor of 456 and 524.
4
Calculate the highest common divisor of 1656 and 12.
12
Calculate the highest common divisor of 665 and 2525005.
665
What is the greatest common divisor of 193349 and 278?
139
Calculate the greatest common divisor of 595561 and 34.
17
What is the greatest common divisor of 1243740 and 480?
60
Calculate the greatest common divisor of 2101770 and 1210.
1210
Calculate the highest common divisor of 762 and 146050.
254
What is the greatest common divisor of 9 and 15681384?
9
Calculate the greatest common factor of 24 and 33464.
8
What is the highest common divisor of 24 and 48498?
6
What is the greatest common factor of 4220 and 2720?
20
Calculate the highest common divisor of 443850 and 90.
30
Calculate the greatest common divisor of 171 and 68319.
9
What is the greatest common factor of 7 and 9697?
1
Calculate the highest common factor of 732 and 3162606.
366
What is the greatest common factor of 11220 and 4420?
340
What is the highest common factor of 10575 and 1551?
141
What is the greatest common divisor of 690 and 5376?
6
Calculate the highest common factor of 11711 and 239.
239
What is the greatest common divisor of 118184 and 51271?
869
What is the greatest common factor of 2745 and 10492?
61
What is the greatest common factor of 6624 and 954960?
1104
Calculate the highest common divisor of 27533 and 33.
11
Calculate the highest common factor of 2760 and 2520.
120
Calculate the highest common factor of 3 and 85971.
3
Calculate the highest common divisor of 7695 and 8265.
285
What is the greatest common factor of 399 and 6897?
57
Calculate the highest common divisor of 10 and 106.
2
Calculate the greatest common factor of 297 and 8547.
33
Calculate the greatest common factor of 187434 and 405.
81
What is the highest common divisor of 228 and 233472?
228
What is the greatest common divisor of 41583 and 332?
83
Calculate the greatest common factor of 225144 and 1431.
477
Calculate the greatest common factor of 261 and 4263.
87
What is the highest common factor of 57812 and 1940?
388
What is the greatest common divisor of 217470 and 55?
55
What is the greatest common factor of 5675574 and 12?
6
Calculate the highe